{"id":111,"date":"2025-03-13T16:45:51","date_gmt":"2025-03-13T16:45:51","guid":{"rendered":"https:\/\/trident-freediving.at\/?page_id=111"},"modified":"2026-03-18T22:04:58","modified_gmt":"2026-03-18T22:04:58","slug":"kurse","status":"publish","type":"page","link":"https:\/\/trident-freediving.at\/?page_id=111","title":{"rendered":"Freediving"},"content":{"rendered":"<div style=\"float: left; padding-top: 55px; padding-bottom: 10px; padding-right: 10px; width: 300; height: 191;\"><img loading=\"lazy\" decoding=\"async\" class=\"wp-image-192 alignleft\" src=\"https:\/\/trident-freediving.at\/wp-content\/uploads\/2025\/03\/BsnorkelD-1-300x191.jpeg\" alt=\"\" width=\"300\" height=\"191\" srcset=\"https:\/\/trident-freediving.at\/wp-content\/uploads\/2025\/03\/BsnorkelD-1-300x191.jpeg 300w, https:\/\/trident-freediving.at\/wp-content\/uploads\/2025\/03\/BsnorkelD-1.jpeg 400w\" sizes=\"auto, (max-width: 300px) 100vw, 300px\" \/><\/div>\n<div style=\"float: none;\">\n<p><strong>Snorkeling<\/strong><\/p>\n<p>Der SSI Snorkel Diver Kurs l\u00e4sst dich den Fisch in dir entdecken! Um an diesem Kurs teilzunehmen, musst du kein ge\u00fcbter Schwimmer sein und es gibt kein erforderliches Mindestalter.\u00a0 Du wirst mit der Ausr\u00fcstung und den Fertigkeiten f\u00fcr dein Schnorchelerlebnis vertraut gemacht.\u00a0 Mit Mut und Selbstvertrauen kannst du nach diesem Kurs die faszinierende Unterwasserwelt erkunden und verdienst deine SSI Snorkel Diver Anerkennungskarte!<\/p>\n<\/div>\n<table style=\"text-align: left; border-bottom-color: white;\">\n<tbody>\n<tr>\n<td style=\"width: 70%;\"><\/td>\n<td>\n<div>Mindestalter: keines<\/div>\n<div style=\"padding-top: 5px;\">Kurskosten:  \u20ac 49,-<\/div>\n<\/td>\n<\/tr>\n<\/tbody>\n<\/table>\n<hr \/>\n<div style=\"float: left; padding-top: 50px; padding-bottom: 10px; padding-right: 10px; width: 300; height: 191;\"><img loading=\"lazy\" decoding=\"async\" class=\"size-medium wp-image-114 alignleft\" src=\"https:\/\/trident-freediving.at\/wp-content\/uploads\/2025\/03\/BtryFD-300x191.jpeg\" alt=\"\" width=\"300\" height=\"191\" srcset=\"https:\/\/trident-freediving.at\/wp-content\/uploads\/2025\/03\/BtryFD-300x191.jpeg 300w, https:\/\/trident-freediving.at\/wp-content\/uploads\/2025\/03\/BtryFD.jpeg 400w\" sizes=\"auto, (max-width: 300px) 100vw, 300px\" \/><\/div>\n<div style=\"float: none;\">\n<p><strong>Try Freediving<\/strong><\/p>\n<p>Dieses Programm gibt dir einen ersten Einblick in die Welt des Freitauchens. Der Try Freediving Kurs findet im Pool statt und du wirst schnell entdecken, warum Freediver ihren Sport so leidenschaftlich betreiben.<\/p>\n<\/div>\n<table style=\"text-align: left; border-bottom-color: white;\">\n<tbody>\n<tr>\n<td style=\"width: 70%;\"><\/td>\n<td>\n<div>Mindestalter: 10 Jahre<\/div>\n<div style=\"padding-top: 5px;\">Kurskosten:  \u20ac 49,-<\/div>\n<\/td>\n<\/tr>\n<\/tbody>\n<\/table>\n<hr \/>\n<div style=\"float: left; padding-top: 50px; padding-bottom: 10px; padding-right: 10px; width: 300; height: 191;\"><img loading=\"lazy\" decoding=\"async\" class=\"size-medium wp-image-119 alignleft\" src=\"https:\/\/trident-freediving.at\/wp-content\/uploads\/2025\/03\/BbasicFD-300x191.jpeg\" alt=\"\" width=\"300\" height=\"191\" srcset=\"https:\/\/trident-freediving.at\/wp-content\/uploads\/2025\/03\/BbasicFD-300x191.jpeg 300w, https:\/\/trident-freediving.at\/wp-content\/uploads\/2025\/03\/BbasicFD.jpeg 400w\" sizes=\"auto, (max-width: 300px) 100vw, 300px\" \/><\/div>\n<div style=\"float: none;\">\n<p><strong>Basic Freediver<\/strong><\/p>\n<p>In diesem Einsteigerkurs wird alles vermittelt um Freediving Tauchg\u00e4nge bis zu einer Tiefe von 5 Metern in einem Pool oder begrenztem Freiwasser, gemeinsam mit einem Buddy, durchzuf\u00fchren. Der Kurs setzt sich aus Online Training und Praxiseinheiten zusammen. Nach Abschluss des Kurses erh\u00e4ltst du deine SSI Basic Freediver Zertifizierung.<\/p>\n<\/div>\n<table style=\"text-align: left; border-bottom-color: white;\">\n<tbody>\n<tr>\n<td style=\"width: 70%;\"><\/td>\n<td>\n<div>Mindestalter: 10 Jahre<\/div>\n<div style=\"padding-top: 5px;\">Kurskosten:  \u20ac 210 ,-<\/div>\n<\/td>\n<\/tr>\n<\/tbody>\n<\/table>\n<hr \/>\n<div style=\"float: left; padding-top: 50px; padding-bottom: 10px; padding-right: 10px; width: 300; height: 191;\"><img loading=\"lazy\" decoding=\"async\" class=\"size-medium wp-image-119 alignleft\" src=\"https:\/\/trident-freediving.at\/wp-content\/uploads\/2025\/03\/BpoolFD-300x191.jpg\" alt=\"\" width=\"300\" height=\"191\" \/><\/div>\n<div style=\"float: none;\">\n<p><strong>Pool Freediver<\/strong><\/p>\n<p>Dieses Programm vermittelt das notwendige Wissen und die Fertigkeiten, um selbst\u00e4ndig und sicher mit einem Buddy im Pool, bis zu einer Tiefe von maximal 5 Metern, Freediving durchf\u00fchren zu k\u00f6nnen. Nach Abschluss des Programms erh\u00e4ltst Du die SSI Pool Freediver Zertifizierung.<\/p>\n<\/div>\n<table style=\"text-align: left; border-bottom-color: white;\">\n<tbody>\n<tr>\n<td style=\"width: 70%;\"><\/td>\n<td>\n<div>Mindestalter: 12 Jahre<\/div>\n<div style=\"padding-top: 5px;\">Kurskosten:  \u20ac 260,-<\/div>\n<\/td>\n<\/tr>\n<\/tbody>\n<\/table>\n<hr \/>\n<div style=\"float: left; padding-top: 50px; padding-bottom: 10px; padding-right: 10px; width: 300; height: 191;\"><img loading=\"lazy\" decoding=\"async\" class=\"size-medium wp-image-119 alignleft\" src=\"https:\/\/trident-freediving.at\/wp-content\/uploads\/2025\/03\/Bfreediver-300x191.jpeg\" alt=\"\" width=\"300\" height=\"191\" \/><\/div>\n<div style=\"float: none;\">\n<p><strong>Freediver<\/strong><\/p>\n<p>Dieses Programm vermittelt das notwendige Wissen und die Fertigkeiten, um selbst\u00e4ndig und sicher mit einem Buddy im Freiwasser bis auf 20 Meter Tiefe Freediving durchf\u00fchren zu k\u00f6nnen. Nach Abschluss des Programms wirst Du die SSI Freediver Zertifizierung erhalten.<\/p>\n<\/div>\n<table style=\"text-align: left; border-bottom-color: white;\">\n<tbody>\n<tr>\n<td style=\"width: 70%;\"><\/td>\n<td>\n<div>Mindestalter: 12 Jahre<\/div>\n<div>max. Trainingstiefe: 20m<\/div>\n<div style=\"padding-top: 5px;\">Kurskosten:  \u20ac 390,-<\/div>\n<\/td>\n<\/tr>\n<\/tbody>\n<\/table>\n<hr \/>\n<div style=\"float: left; padding-top: 50px; padding-bottom: 10px; padding-right: 10px; width: 300; height: 191;\"><img loading=\"lazy\" decoding=\"async\" class=\"size-medium wp-image-119 alignleft\" src=\"https:\/\/trident-freediving.at\/wp-content\/uploads\/2025\/03\/BadvancedFD-300x191.jpeg\" alt=\"\" width=\"300\" height=\"191\" \/><\/div>\n<div style=\"float: none;\">\n<p><strong>Advanced Freediver<\/strong><\/p>\n<p>Das Advanced Freediver Programm vermittelt alles, was du wissen musst, um deine durchschnittliche Tauchzeit zu verl\u00e4ngern. Du bekommst Handwerkszeug um noch effizienter und entspannter zu Tauchen. Entdecke die Freifall- und Frenzeltechniken, verfeinerte F\u00e4higkeiten im Buddy-System und vieles mehr.\u00a0<br \/>\nVoraussetzung: \u00a0zert. Freediver<\/p>\n<\/div>\n<table style=\"text-align: left; border-bottom-color: white;\">\n<tbody>\n<tr>\n<td style=\"width: 70%;\"><\/td>\n<td>\n<div>Mindestalter: 15 Jahre<\/div>\n<div>max. Trainingstiefe: 30m<\/div>\n<div style=\"padding-top: 5px;\">Kurskosten:  \u20ac 420,-<\/div>\n<\/td>\n<\/tr>\n<\/tbody>\n<\/table>\n<hr \/>\n<div style=\"float: left; padding-top: 50px; padding-bottom: 10px; padding-right: 10px; width: 300; height: 191;\"><img loading=\"lazy\" decoding=\"async\" class=\"size-medium wp-image-119 alignleft\" src=\"https:\/\/trident-freediving.at\/wp-content\/uploads\/2025\/03\/BtrainingsT-300x191.jpeg\"  alt=\"\" width=\"300\" height=\"191\" \/><\/div>\n<div style=\"float: none;\">\n<p><strong>Freediving Specialty \u2013 Training Techniques<\/strong><\/p>\n<p>Im SSI Training Techniques Specialty Kurs lernst du deine St\u00e4rken und Schw\u00e4chen kennen, sodass du deinen pers\u00f6nlichen Trainingsplan zur Verbesserung deiner Freediving Performance erstellen kannst. Durch ein effizienteres Training und mit den Tipps und Tricks von Profis machst du gr\u00f6\u00dfere Fortschritte und kannst deinen Atem schnell l\u00e4nger anhalten. Dieser Kurs bringt deine Freediving Technik auf das n\u00e4chste Level.<\/p>\n<\/div>\n<table style=\"text-align: left; border-bottom-color: white;\">\n<tbody>\n<tr>\n<td style=\"width: 70%;\"><\/td>\n<td>\n<div><\/div>\n<div style=\"padding-top: 5px;\">Preis auf <a href=\"mailto:team@trident-freediving.at\">Anfrage<\/div>\n<\/td>\n<\/tr>\n<\/tbody>\n<\/table>\n<hr \/>\n<div style=\"float: left; padding-top: 50px; padding-bottom: 10px; padding-right: 10px; width: 300; height: 191;\"><img loading=\"lazy\" decoding=\"async\" class=\"size-medium wp-image-119 alignleft\" src=\"https:\/\/trident-freediving.at\/wp-content\/uploads\/2025\/03\/Bnofins-300x191.jpg\"  alt=\"\" width=\"300\" height=\"191\" \/><\/div>\n<div style=\"float: none;\">\n<p><strong>Freediving Specialty \u2013 No Fins<\/strong><\/p>\n<p>Ohne Zweifel ist das No-Fins Freediving die reinste und urspr\u00fcnglichste Form des Freitauchens. Dieser Specialty Kurs ist ein hervorragender Weg, um deine Freediving Technik zu perfektionieren. Erlebe die Freude am Tauchen mit minimaler Ausr\u00fcstung und entdecke das Geheimnis der perfekten Tarierung. Du entdeckst ein einzigartiges Gef\u00fchl von Freiheit, das du nie vergessen wirst. <\/p>\n<\/div>\n<table style=\"text-align: left; border-bottom-color: white;\">\n<tbody>\n<tr>\n<td style=\"width: 70%;\"><\/td>\n<td>\n<div><\/div>\n<div style=\"padding-top: 5px;\">Preis auf <a href=\"mailto:team@trident-freediving.at\">Anfrage<\/div>\n<\/td>\n<\/tr>\n<\/tbody>\n<\/table>\n<hr \/>\n<div style=\"float: left; padding-top: 50px; padding-bottom: 10px; padding-right: 10px; width: 300; height: 191;\"><img loading=\"lazy\" decoding=\"async\" class=\"size-medium wp-image-119 alignleft\" src=\"https:\/\/trident-freediving.at\/wp-content\/uploads\/2025\/03\/Bmonofin-300x191.jpeg\"  alt=\"\" width=\"300\" height=\"191\" \/><\/div>\n<div style=\"float: none;\">\n<p><strong>Freediving Specialty \u2013 Monofin<\/strong><\/p>\n<p>Delfine und Wale sind die besten Freitauchspezialisten und die Natur hat sie deshalb auch gleich mit einer Monoflosse ausgestattet. In diesem einzigartigen Freediving Kurs kannst auch du lernen wie ein Delfin zu schwimmen. Mit dem Beherrschen der Monofintechnik gleitest du elegant und effizient durchs Wasser. Lerne jetzt Freediving mit Monoflosse!<\/p>\n<\/div>\n<table style=\"text-align: left; border-bottom-color: white;\">\n<tbody>\n<tr>\n<td style=\"width: 70%;\"><\/td>\n<td>\n<div><\/div>\n<div style=\"padding-top: 5px;\">Preis auf <a href=\"mailto:team@trident-freediving.at\">Anfrage<\/div>\n<\/td>\n<\/tr>\n<\/tbody>\n<\/table>\n<hr \/>\n","protected":false},"excerpt":{"rendered":"<p>Snorkeling Der SSI Snorkel Diver Kurs l\u00e4sst dich den Fisch in dir entdecken! Um an diesem Kurs teilzunehmen, musst du kein ge\u00fcbter Schwimmer sein und es gibt kein erforderliches Mindestalter.\u00a0 Du wirst mit der Ausr\u00fcstung und den Fertigkeiten f\u00fcr dein Schnorchelerlebnis vertraut gemacht.\u00a0 Mit Mut und Selbstvertrauen kannst du nach diesem Kurs die faszinierende Unterwasserwelt &hellip; <\/p>\n<p class=\"link-more\"><a href=\"https:\/\/trident-freediving.at\/?page_id=111\" class=\"more-link\"><span class=\"screen-reader-text\">\u201eFreediving\u201c <\/span>weiterlesen<\/a><\/p>\n","protected":false},"author":1,"featured_media":0,"parent":0,"menu_order":0,"comment_status":"closed","ping_status":"closed","template":"","meta":{"footnotes":""},"class_list":["post-111","page","type-page","status-publish","hentry"],"jetpack_sharing_enabled":true,"_links":{"self":[{"href":"https:\/\/trident-freediving.at\/index.php?rest_route=\/wp\/v2\/pages\/111","targetHints":{"allow":["GET"]}}],"collection":[{"href":"https:\/\/trident-freediving.at\/index.php?rest_route=\/wp\/v2\/pages"}],"about":[{"href":"https:\/\/trident-freediving.at\/index.php?rest_route=\/wp\/v2\/types\/page"}],"author":[{"embeddable":true,"href":"https:\/\/trident-freediving.at\/index.php?rest_route=\/wp\/v2\/users\/1"}],"replies":[{"embeddable":true,"href":"https:\/\/trident-freediving.at\/index.php?rest_route=%2Fwp%2Fv2%2Fcomments&post=111"}],"version-history":[{"count":29,"href":"https:\/\/trident-freediving.at\/index.php?rest_route=\/wp\/v2\/pages\/111\/revisions"}],"predecessor-version":[{"id":325,"href":"https:\/\/trident-freediving.at\/index.php?rest_route=\/wp\/v2\/pages\/111\/revisions\/325"}],"wp:attachment":[{"href":"https:\/\/trident-freediving.at\/index.php?rest_route=%2Fwp%2Fv2%2Fmedia&parent=111"}],"curies":[{"name":"wp","href":"https:\/\/api.w.org\/{rel}","templated":true}]}}